0754
What is -2121000 (base 4) in base 15?
-2d7c
-1602 (base 8) to base 16
-382
186 (base 15) to base 16
15f
Convert 17227 (base 12) to base 9.
50424
Convert 3301030 (base 5) to base 8.
156106
Convert 1393 (base 12) to base 14.
b83
What is -2021120 (base 3) in base 8?
-3176
Convert -1b00 (base 16) to base 3.
-100111000
-2583 (base 13) to base 12
-3116
What is 113042 (base 5) in base 8?
10063
Convert 132004 (base 5) to base 6.
40154
Convert -224 (base 16) to base 12.
-398
Convert -105 (base 6) to base 9.
-45
Convert 2819 (base 11) to base 15.
1135
What is 1103 (base 6) in base 11?
212
-35d0 (base 14) to base 5
-300034
What is -3496 (base 12) in base 2?
-1011011110010
-101010000 (base 2) to base 16
-150
What is 1ea2 (base 16) in base 10?
7842
Convert 100011011111100 (base 2) to base 12.
a624
What is -20a (base 11) in base 7?
-510
-243e (base 16) to base 5
-244103
7787 (base 10) to base 16
1e6b
42017 (base 8) to base 11
120aa
Convert 16987 (base 12) to base 10.
32503
-2e (base 16) to base 10
-46
What is 198 (base 12) in base 16?
104
Convert -42034 (base 7) to base 11.
-7828
10222 (base 3) to base 7
212
-2112020220 (base 3) to base 13
-19857
Convert 134340 (base 5) to base 11.
4227
-1509 (base 10) to base 4
-113211
What is -2004 (base 6) in base 4?
-12310
Convert 4400130 (base 5) to base 7.
431530
22743 (base 10) to base 4
11203113
-19a0 (base 16) to base 9
-8888
Convert -1110110 (base 2) to base 10.
-118
Convert 1100100 (base 2) to base 7.
202
-43db (base 14) to base 8
-26755
What is 751 (base 11) in base 8?
1607
Convert 24363 (base 7) to base 2.
1100011011110
Convert -3703 (base 16) to base 13.
-6544
What is 1334 (base 11) in base 7?
5022
What is 3279 (base 15) in base 6?
121253
What is 118605 (base 9) in base 7?
416501
What is -100320 (base 5) in base 11?
-2459
Convert -6876 (base 10) to base 11.
-5191
4053 (base 7) to base 6
10310
Convert 63 (base 16) to base 4.
1203
What is -6657 (base 14) in base 6?
-214005
-e3 (base 16) to base 8
-343
100324 (base 7) to base 10
16972
What is -43d5 (base 15) in base 12?
-839b
What is -110 (base 15) in base 5?
-1430
Convert -221021112 (base 3) to base 14.
-6a04
3124 (base 5) to base 2
110011110
10001011101 (base 2) to base 9
1471
11010101100100 (base 2) to base 10
13668
What is -1533 (base 15) in base 4?
-1013010
-14707 (base 9) to base 15
-2ea1
What is -262 (base 9) in base 12?
-162
What is 5b8 (base 14) in base 11?
949
Convert 2b6 (base 12) to base 11.
358
3002 (base 5) to base 4
11321
What is -1205331 (base 6) in base 12?
-30847
-80b (base 13) to base 14
-6d5
27604 (base 9) to base 10
18715
-4ad (base 15) to base 7
-3046
What is -161 (base 10) in base 2?
-10100001
What is 41341 (base 5) in base 10?
2721
Convert -4102 (base 5) to base 12.
-37b
-334 (base 8) to base 10
-220
What is 63c (base 13) in base 7?
3051
-2107 (base 8) to base 5
-13340
Convert 32061 (base 7) to base 8.
17374
40103 (base 6) to base 8
12147
What is 1110001110001000 (base 2) in base 14?
17328
What is -13523 (base 6) in base 9?
-2836
Convert -21413 (base 6) to base 10.
-2961
Convert 1330 (base 6) to base 3.
110200
What is b28 (base 12) in base 16?
650
Convert -233 (base 10) to base 11.
-1a2
Convert 2ba (base 13) to base 8.
753
What is 34102 (base 5) in base 7?
10001
What is -6e84 (base 15) in base 2?
-101101111100100
Convert 721 (base 9) to base 2.
1001001010
What is 2255 (base 6) in base 10?
539
Convert -2512 (base 6) to base 15.
-2b5
Convert 1313 (base 5) to base 14.
10c
What is -13343 (base 13) in base 9?
-53882
What is 61a (base 15) in base 16?
55f
21022 (base 4) to base 6
2414
1110011010 (base 2) to base 13
55c
What is 7037 (base 10) in base 11?
5318
Convert d1 (base 15) to base 4.
3010
-33100 (base 4) to base 12
-694
What is 223a (base 15) in base 6?
53331
Convert -2103102 (base 4) to base 13.
-43a1
Convert 234343 (base 5) to base 7.
34301
-3138 (base 9) to base 16
-8ff
6975 (base 10) to base 14
2783
Convert 111110100000 (base 2) to base 16.
fa0
Convert -6ab (base 15) to base 7.
-4256
Convert -411 (base 16) to base 8.
-2021
Convert 11011101010 (base 2) to base 3.
2102120
Convert 15a (base 15) to base 3.
102111
-1332 (base 9) to base 16
-3e9
What is -23011 (base 4) in base 11?
-595
Convert -1517 (base 11) to base 3.
-2200101
What is -14004 (base 5) in base 11?
-937
Convert 13113 (base 5) to base 13.
616
103000 (base 4) to base 6
5344
What is -15341 (base 6) in base 10?
-2509
64b (base 16) to base 12
b23
Convert 131211 (base 7) to base 2.
101111110001011
Convert 378 (base 11) to base 15.
1ed
What is 1044 (base 8) in base 9?
668
467 (base 13) to base 10
761
Convert -296 (base 11) to base 14.
-1ab
What is 15aa (base 13) in base 11?
2433
What is 4004 (base 5) in base 2?
111111000
What is 3de (base 16) in base 5?
12430
What is -232 (base 9) in base 10?
-191
Convert -3533 (base 6) to base 3.
-1011110
Convert -3665 (base 11) to base 14.
-1a62
22202 (base 3) to base 5
1421
Convert 12124 (base 6) to base 13.
a6c
254e (base 16) to base 15
2c6a
-325 (base 12) to base 8
-715
Convert 655 (base 9) to base 15.
25b
11011010110111 (base 2) to base 5
422012
Convert -1126 (base 15) to base 7.
-13413
Convert 211215 (base 6) to base 15.
5132
What is 111a (base 11) in base 15?
683
What is -24b6 (base 13) in base 5?
-131334
Convert 8d (base 16) to base 11.
119
2232 (base 7) to base 10
807
What is -477 (base 12) in base 3?
-220201
Convert 20120002 (base 3) to base 15.
163b
Convert 4317 (base 12) to base 4.
1303003
What is -2030344 (base 5) in base 16?
-81c8
What is 718a (base 14) in base 8?
46106
-300 (base 14) to base 9
-723
What is -1d5 (base 14) in base 11?
-319
-207a6 (base 12) to base 3
-2011110000
What is -489 (base 11) in base 5?
-4311
Convert 35143 (base 6) to base 16.
13a7
Convert 19aa (base 16) to base 8.
14652
What is 100130 (base 5) in base 13?
1596
What is -16634 (base 10) in base 7?
-66332
224120 (base 5) to base 8
17543
Convert 797 (base 11) to base 12.
675
-10166 (base 9) to base 14
-262a
47105 (base 9) to base 11
21686
1861 (base 9) to base 16
598
-50015 (base 6) to base 2
-1100101011011
-642 (base 11) to base 14
-3d2
-1321 (base 5) to base 16
-d3
-3bba (base 13) to base 6
-103455
323 (base 4) to base 11
54
What is -3 (base 16) in base 6?
-3
-4433 (base 6) to base 14
-537
-114451 (base 6) to base 3
-111212111
380 (base 14) to base 12
4a4
-1531 (base 14) to base 6
-25235
1121221 (base 3) to base 4
102202
What is -ef1 (base 16) in base 7?
-14103
-11100000000110 (base 2) to base 4
-3200012
What is -26a8 (base 14) in base 13?
-3140
What is 894 (base 12) in base 15?
594
What is 23 (base 15) in base 11?
30
-6c5 (base 14) to base 3
-1211222
-9668 (base 10) to base 14
-3748
107201 (base 9) to base 7
355336
Convert -12d (base 16) to base 15.
-151
What is 1001201 (base 3) in base 5?
11100
What is -12133 (base 4) in base 6?
-1531
What is 12a06 (base 11) in base 6?
221423
Convert 260 (base 13) to base 11.
349
-1027 (base 12) to base 2
-11011011111
-157 (base 16) to base 9
-421
What is -1220 (base 3) in base 14?
-39
-812 (base 10) to base 16
-32c
What is 528 (base 12) in base 14?
3ba
3c7 (base 16) to base 8
1707
Convert 776 (base 13) to base 14.
676
-9ba (base 14) to base 16
-788
-3312 (base 6) to base 15
-35e
31570 (base 9) to base 13
9672
Convert -8e34 (base 16) to base 12.
-19098
What is 212001 (base 3) in base 14?
326
223120 (base 4) to base 6
20504
-2776 (base 8) to base 10
-1534
Convert -342 (base 5) to base 3.
-10121
What is -448 (base 10) in base 16?
-1c0
Convert -5275 (base 10) to base 14.
-1ccb
-14144 (base 5) to base 11
-978
10001100010000 (base 2) to base 12
5240
What is -14226 (base 12) in base 14?
-a298
Convert 7955 (base 10) to base 4.
1330103
What is 668 (base 10) in base 14?
35a
-1000020 (base 5) to base 13
-7169
What is -2593 (base 10) in base 7?
-10363
-242063 (base 7) to base 5
-2401244
500134 (base 6) to base 2
1001100000011010
-269 (base 13) to base 12
-2b5
What is -906 (base 15) in base 11?
-1587
What is 73433 (base 9) in base 12?
24070
What is 867 (base 10) in base 3?
1012010
Convert -a18b (base 13) to base 5.
-1203004
-7278 (base 15) to base 11
-1719a
What is -24289 (base 10) in base 2?
-101111011100001
-110331 (base 4) to base 3
-1211200
What is 1431022 (base 5) in base 14?
ada9
What is 1002133 (base 5) in base 14?
5b30
Wh